Let z(x) = -2*x**2 + 59*x - 48. What is the units digit of z(u)?
4
What is the hundreds digit of ((-2)/3)/(62678/(-31338) - (-16 - -14))?
4
Suppose -23397 = -3*z - 6*a, -6*z + 11*z - a - 38995 = 0. What is the thousands digit of z?
7
Suppose 20*b = 18*b - 2208. Let m be (b/(-10))/(3/30). Suppose a + 5*o = 242, 0 = -4*a + o + m - 115. What is the hundreds digit of a?
2
Let g = -79 - -83. Suppose -g*c - 516 = n - 1643, 4*n - 2*c - 4436 = 0. What is the thousands digit of n?
1
Suppose -8*t - 24 = -0*t. What is the tens digit of (4/t)/((-6)/801)?
7
Suppose 60*u = 2*g + 62*u - 52998, -2*g + u = -52986. What is the thousands digit of g?
6
Let z(f) = 100*f**2 - 335*f + 2358. What is the thousands digit of z(7)?
4
Suppose 7*j + 7638 = 121*j. What is the units digit of j?
7
Suppose 0 = 5*h + 2*s - 45, 30 = 3*h + 3*s - 6. Suppose -h*f - 9*f + 352 = 0. What is the hundreds digit of 2/f + 69350/418?
1
Let s = 23216 + -13105. What is the ten thousands digit of s?
1
Suppose 0*w - 16*w + 1428570 = 29*w. What is the hundreds digit of w?
7
Suppose 11*h - 4*h - 133 = 0. Suppose -9*g = -h - 26. Suppose -c + 6*c = 2*d + 278, 3*c = g*d + 182. What is the tens digit of c?
5
Let d be 2*((-9)/(-2) + -5). What is the tens digit of -8*(-1)/(d/(-15)*5)?
2
Suppose -4*l = 2*h - 20, -4 = -3*l + 5*h - 2. Suppose 0 = -m + 2*x + 582, m - 2316 = -3*m + l*x. What is the hundreds digit of m?
5
Let l(p) = -7*p - 8. Let f(y) = -3*y**2 + 3*y - 2. Let j be f(1). Let c be l(j). Suppose -g - b + c = 0, g + 2*g + 5*b = 20. What is the units digit of g?
5
Suppose l + 5*q - q = 2, -10 = -5*l + 3*q. Suppose -l*s = 4*c - 1410, -75*s = 4*c - 80*s - 1403. What is the units digit of c?
2
Suppose 23*t - 4*b - 24 = 26*t, 3*b = 0. What is the thousands digit of (-20)/t - 27708/(-24)?
1
What is the units digit of (-13)/((-1716)/57036) - 2/22?
2
Suppose -95*f + 86*f = -70524. What is the tens digit of f?
3
Let y(p) = -p**3 - 7*p**2 - 2*p - 9. Let g be y(-7). Suppose -5*c + 2*s + 2158 = 0, c - 260 = -g*s + 150. Suppose -2*i - 136 = -c. What is the units digit of i?
7
Let p(a) = -2*a + 30. Let o be p(15). Let z = -13 + 15. Suppose x - 2 = o, -z*l + 127 + 421 = 4*x. What is the hundreds digit of l?
2
Let g = -62 - -109. Let d = g + -47. Suppose s = -d*s + 92. What is the tens digit of s?
9
Suppose 6844 = 12*u + 976. What is the units digit of (-15)/(-11 - -6) + u?
2
Suppose q - 101 = 3*t, q - 8*t = -9*t + 117. Let o = 37 + q. What is the units digit of o?
0
Suppose -16*h = 4*q - 20*h - 8, -18 = -q + 5*h. What is the units digit of -2*(1 - (-1191)/q)?
9
Let r(y) = -168*y - 104. Let h be r(-19). Let f = h - 2044. What is the tens digit of f?
4
Let d(h) = h**3 - 37*h**2 - 105*h + 24. What is the tens digit of d(46)?
3
Let o be 48*1/9*3. Suppose o + 204 = -4*c. Let v = 130 + c. What is the units digit of v?
5
What is the hundreds digit of -23 + 46986 - -11 - 3/6*-2?
9
Let b = 775 - 744. Suppose b*j - 1512 = 27*j. What is the units digit of j?
8
Suppose 5*g = -5*s + 20, 4*g + 0*s - 28 = -s. Let f(d) = 2*d**3 + 15*d**2 + 6*d + 20. Let j be f(-8). What is the units digit of (-3 - j/g)*2*3?
1
Suppose -2*r = 12, 2*o = -102*r + 97*r + 56214. What is the tens digit of o?
2
Suppose 0 = -6*r + 66 - 48. Suppose -33*b + r*b = -18690. What is the hundreds digit of b?
6
Suppose 5*z = -5*m, -4*m - 34 + 10 = -2*z. Suppose 45*k = 29*k - 6*k. Suppose k = -2*r - z*u + 424, -3*u = r - 109 - 102. What is the tens digit of r?
1
Suppose 4*d - 166 = -2*g, 3*d - g - 126 = -3*g. Let r be 6/(-21)*1 - ((-49725)/(-35))/(-13). Let k = r - d. What is the units digit of k?
9
Let r(p) = 5*p + 877. Let h be r(0). Let y = -556 + h. What is the hundreds digit of y?
3
What is the hundreds digit of (-2679)/(-38)*695*4/6?
6
Suppose 0 = -k + 2*w + 5, 2*w - 6 = -k + 3*w. Suppose 10 = k*r - 2*r. What is the units digit of 1/(5*r/730)?
3
Let o be 80/(-7) - 18/(-42). Let s = o - -15. Suppose -201 = -3*t - s*q, -t = 2*q - 4*q - 67. What is the units digit of t?
7
Suppose -2*g = j - 424 - 18672, 0 = g - 2*j - 9548. What is the tens digit of g?
4
Suppose 0 = 13708*p - 13712*p + 11296. What is the units digit of p?
4
Let l(w) = 20*w**2 - 8*w + 559. What is the ten thousands digit of l(-25)?
1
Let k be (20/(-6))/((-61)/732). Suppose -11660 = -k*y + 20*y. What is the hundreds digit of y?
5
Suppose 3*g = -2*y + 103560, 2*g = -5*y + 54048 + 14970. What is the units digit of g?
4
Suppose 2*b + 20 = 6*b. Suppose 2*h - a = 79, -221 = -b*h - 2*a - 28. What is the units digit of h?
9
Let m = -31453 + 70258. What is the tens digit of m?
0
Let q = -18 - -21. Suppose 0 = 3*k + 4*o - 2, q*o - 5 = -4*k. Let r(b) = 5*b**2 - b - 1. What is the units digit of r(k)?
7
Let v = 36658 - 20417. What is the thousands digit of v?
6
Let j(n) = 155*n**2 + 6*n - 15. Let m be j(2). What is the tens digit of -3 - (-4 - (-3 + m))?
1
Let l = 94 + 231. Suppose -2*a + 1353 = -5*y - l, -2563 = -3*a - 4*y. What is the hundreds digit of a?
8
Suppose 0 = 4*v + h - 175, h - 47 + 259 = 5*v. Suppose w - 3*y - 240 - v = 0, 2*y - 1415 = -5*w. What is the tens digit of w?
8
Let b(r) = 253*r**3 + 2*r**2 - 18*r + 47. What is the thousands digit of b(3)?
6
Let y = 304 + -300. Suppose -3*k - 3495 = -4*w - 6*k, 4*w - 3516 = y*k. What is the hundreds digit of w?
8
Let d = -18 - -23. Suppose -3*h = 2*g - 20, 0 = -g + d*h - 11 - 5. What is the tens digit of ((-3 - 0) + g)*-1*-75?
7
What is the thousands digit of ((-21496)/(-16) + 9)*(0 - -4)?
5
Let u(k) = 2*k**2 - 27*k - 144. What is the tens digit of u(-17)?
9
Let r be (-15)/(-3) - (-6766 - -2). Suppose 1369 = -8*b + r. What is the units digit of b?
5
Suppose 5*p + 45 + 5 = 0. Let h = 821 - 775. What is the units digit of -1 - h/(-6) - p/(-15)?
6
Let p(n) = n**3 + 14*n**2 + 10*n + 8. Suppose j - s = -4*j + 73, j - 3*s = 9. Suppose 11 = -2*u - j. What is the tens digit of p(u)?
4
Let n(i) = -1173*i - 2630. What is the tens digit of n(-14)?
9
Let n = -433 - -3482. What is the tens digit of n?
4
Let l(y) = 26*y - 82. Let r(p) = -p**3 + 11*p**2 + 4*p - 29. Let s be r(11). What is the tens digit of l(s)?
0
Let q(w) = 4*w - 124. Let o be q(29). What is the tens digit of (-14385)/(-14)*o/(-12)?
8
What is the units digit of 2*(1 - 6)/5*48164/(-8)?
1
Suppose 17*r + 22*r = 40534 + 1094093. What is the tens digit of r?
9
Suppose 3*m + 5*j + 6127 = 23176, 4*j = 3*m - 17049. What is the thousands digit of m?
5
Let v be 87/17 - 16/136. Suppose -20 = s + s + 5*j, -v*j = -3*s + 20. Suppose 6*a - 340 - 128 = s. What is the tens digit of a?
7
Let l(d) = d**2 + 83*d + 6784. What is the tens digit of l(-52)?
7
Suppose -15*w + 56 = -7*w. Suppose -6*m - 5*a - 692 = -w*m, 2*a + 3368 = 5*m. What is the hundreds digit of m?
6
Let u(v) = -5*v**2 + 2*v - 18. Let k(b) = 4*b**2 - 3*b + 18. Let l(n) = -7*k(n) - 6*u(n). What is the units digit of l(-13)?
3
Let c = 13 - -5. Let g(z) = 4 + 53*z - c - 10. What is the units digit of g(4)?
8
Suppose -4*c - 3*b + 29 + 2 = 0, -2*b + 2 = 0. Let t(r) = 73*r + 2. Let m be t(6). Suppose -3*h + c*h = m. What is the tens digit of h?
1
Suppose -89*j - 122380 = -147*j. What is the tens digit of j?
1
Suppose 0*b - 4*b = -0*b. Suppose b = 5*p - 501 + 116. What is the units digit of p?
7
Suppose -105 = -5*u - 335. Let l = u - -49. Suppose c - 5*b - 18 = 0, 2*b + 27 = c + l. What is the units digit of c?
8
Let f = 45609 - 9843. What is the thousands digit of f?
5
Let z be (-1 + 16)*3/(-18)*-2. Suppose -27 = -z*w + 3. Suppose 99 = -w*h + 7*h - g, -104 = -h - 4*g. What is the tens digit of h?
0
Let j(o) be the first derivative of o**4/4 - 3*o**2/2 + 2*o + 6. Let d be j(2). Suppose -t + d*a = -49 - 72, -376 = -3*t - a. What is the tens digit of t?
2
Let y = -12465 + 15978. What is the units digit of y?
3
Let o(n) = 6 + n - 1 - 4. Let h(v) = 4*v - 1. Let x(j) = -h(j) + 2*o(j). What is the tens digit of x(-12)?
2
Let m(z) = -z**3 - z**2 + 6*z + 888. What is the hundreds digit of m(0)?
8
Suppose -604 = -a + 190. Let k = a - 345. What is the units digit of k?
9
Suppose -29*a + 31*a + 466 = 0. What is the tens digit of a*(-7 - (-5 + 1))?
9
Let k(d) = 5722*d**2 + 4*d - 2. Let n be k(1). Suppose 17*h = -h + n. What is the tens digit of h?
1
Let x(g) = 2*g**3 + 130*g**2 + 95*g + 351. What is the tens digit of x(-59)?
1
Suppose -87*w = 41*w - 888960. What